{"id":204,"date":"2016-03-07T13:15:43","date_gmt":"2016-03-07T13:15:43","guid":{"rendered":"http:\/\/www.aptomed.com.br\/v2\/?page_id=204"},"modified":"2016-03-28T13:02:56","modified_gmt":"2016-03-28T13:02:56","slug":"opacificacao-capsular","status":"publish","type":"page","link":"https:\/\/www.aptomed.com.br\/v2\/especialidades\/oftalmologia\/catarata\/opacificacao-capsular\/","title":{"rendered":"Opacifica\u00e7\u00e3o Capsular"},"content":{"rendered":"<p>Em alguns casos h\u00e1 o desenvolvimento de uma condi\u00e7\u00e3o chamada <strong>opacidade capsular<\/strong> ou <strong>\u201ccatarata secund\u00e1ria\u201d<\/strong>, que pode se desenvolver meses ou anos ap\u00f3s a cirurgia de Catarata.<\/p>\n<p>Como o olho ainda est\u00e1 &#8220;vivo&#8221;, h\u00e1 um crescimento celular por tr\u00e1s da lente intra-ocular que, com o tempo, vai opacificando-a progressivamente e diminuindo a vis\u00e3o mais uma vez.<\/p>\n<p><img loading=\"lazy\" class=\"size-full wp-image-207 aligncenter\" src=\"http:\/\/www.aptomed.com.br\/v2\/wp-content\/uploads\/2016\/03\/lentes-intra-oculares-1.jpg\" alt=\"Opacifica\u00e7\u00e3o Capsular\" width=\"247\" height=\"257\" \/><\/p>\n<p>O tratamento \u00e9 feito da<strong> opacidade de c\u00e1psula<\/strong> com uma aplica\u00e7\u00e3o r\u00e1pida de Yag-Laser que vai &#8220;cortar&#8221; esta membrana celular, deixando novamente a luz entrar com maior nitidez e melhorando a vis\u00e3o.<\/p>\n<p><img loading=\"lazy\" class=\"size-full wp-image-208 aligncenter\" src=\"http:\/\/www.aptomed.com.br\/v2\/wp-content\/uploads\/2016\/03\/lentes-intra-oculares-2.jpg\" alt=\"Opacifica\u00e7\u00e3o Capsular\" width=\"160\" height=\"192\" \/><\/p>\n<p>Saiba mais:<\/p>\n<p><a href=\"http:\/\/www.aptomed.com.br\/v2\/canal\/oftalmologia\/catarata\/\">O que \u00e9 catarata?<\/a><br \/>\n<a href=\"http:\/\/cirurgia da catarata\">A cirurgia da catarata<\/a><br \/>\n<a href=\"http:\/\/www.aptomed.com.br\/v2\/canal\/oftalmologia\/catarata\/lentes-intra-oculares\/\">Lente intra-ocular<\/a><br \/>\n<a href=\"http:\/\/www.aptomed.com.br\/v2\/canal\/oftalmologia\/exames-e-procedimentos-oftalmologicos\/biometria-calcula-o-grau-da-lente-intra-ocular\/\">Biometria<\/a><br \/>\n<a href=\"http:\/\/www.aptomed.com.br\/v2\/canal\/oftalmologia\/exames-e-procedimentos-oftalmologicos\/iridectomia-com-yag-laser\/\">Capsulotomia com Yag Laser<\/a><\/p>\n","protected":false},"excerpt":{"rendered":"<p>Em alguns casos h\u00e1 o desenvolvimento de uma condi\u00e7\u00e3o chamada opacidade capsular ou \u201ccatarata secund\u00e1ria\u201d, que pode se desenvolver meses ou anos ap\u00f3s a cirurgia de Catarata. Como o olho ainda est\u00e1 &#8220;vivo&#8221;, h\u00e1 um crescimento celular por tr\u00e1s da lente intra-ocular que, com o tempo, vai opacificando-a progressivamente e diminuindo a vis\u00e3o mais uma&#8230; <a href=\"https:\/\/www.aptomed.com.br\/v2\/especialidades\/oftalmologia\/catarata\/opacificacao-capsular\/\" class=\"readmore\">Read More &#038;raquo<\/a><\/p>\n","protected":false},"author":1,"featured_media":0,"parent":150,"menu_order":0,"comment_status":"closed","ping_status":"closed","template":"","meta":[],"yoast_head":"<!-- This site is optimized with the Yoast SEO plugin v16.2 - https:\/\/yoast.com\/wordpress\/plugins\/seo\/ -->\n<title>Opacifica\u00e7\u00e3o Capsular - Aptomed - Sa\u00fade Integrada<\/title>\n<meta name=\"robots\" content=\"index, follow, max-snippet:-1, max-image-preview:large, max-video-preview:-1\" \/>\n<link rel=\"canonical\" href=\"https:\/\/www.aptomed.com.br\/v2\/especialidades\/oftalmologia\/catarata\/opacificacao-capsular\/\" \/>\n<meta property=\"og:locale\" content=\"pt_BR\" \/>\n<meta property=\"og:type\" content=\"article\" \/>\n<meta property=\"og:title\" content=\"Opacifica\u00e7\u00e3o Capsular - Aptomed - Sa\u00fade Integrada\" \/>\n<meta property=\"og:description\" content=\"Em alguns casos h\u00e1 o desenvolvimento de uma condi\u00e7\u00e3o chamada opacidade capsular ou \u201ccatarata secund\u00e1ria\u201d, que pode se desenvolver meses ou anos ap\u00f3s a cirurgia de Catarata. Como o olho ainda est\u00e1 &#8220;vivo&#8221;, h\u00e1 um crescimento celular por tr\u00e1s da lente intra-ocular que, com o tempo, vai opacificando-a progressivamente e diminuindo a vis\u00e3o mais uma... Read More &amp;raquo\" \/>\n<meta property=\"og:url\" content=\"https:\/\/www.aptomed.com.br\/v2\/especialidades\/oftalmologia\/catarata\/opacificacao-capsular\/\" \/>\n<meta property=\"og:site_name\" content=\"Aptomed - Sa\u00fade Integrada\" \/>\n<meta property=\"article:modified_time\" content=\"2016-03-28T13:02:56+00:00\" \/>\n<meta property=\"og:image\" content=\"http:\/\/www.aptomed.com.br\/v2\/wp-content\/uploads\/2016\/03\/lentes-intra-oculares-1.jpg\" \/>\n<meta name=\"twitter:card\" content=\"summary\" \/>\n<meta name=\"twitter:label1\" content=\"Est. tempo de leitura\">\n\t<meta name=\"twitter:data1\" content=\"1 minuto\">\n<script type=\"application\/ld+json\" class=\"yoast-schema-graph\">{\"@context\":\"https:\/\/schema.org\",\"@graph\":[{\"@type\":\"WebSite\",\"@id\":\"https:\/\/www.aptomed.com.br\/v2\/#website\",\"url\":\"https:\/\/www.aptomed.com.br\/v2\/\",\"name\":\"Aptomed - Sa\\u00fade Integrada\",\"description\":\"Cl\\u00ednica de profissionais multidisciplinares da \\u00e1rea da sa\\u00fade.\",\"potentialAction\":[{\"@type\":\"SearchAction\",\"target\":\"https:\/\/www.aptomed.com.br\/v2\/?s={search_term_string}\",\"query-input\":\"required name=search_term_string\"}],\"inLanguage\":\"pt-BR\"},{\"@type\":\"ImageObject\",\"@id\":\"https:\/\/www.aptomed.com.br\/v2\/especialidades\/oftalmologia\/catarata\/opacificacao-capsular\/#primaryimage\",\"inLanguage\":\"pt-BR\",\"url\":\"http:\/\/www.aptomed.com.br\/v2\/wp-content\/uploads\/2016\/03\/lentes-intra-oculares-1.jpg\",\"contentUrl\":\"http:\/\/www.aptomed.com.br\/v2\/wp-content\/uploads\/2016\/03\/lentes-intra-oculares-1.jpg\"},{\"@type\":\"WebPage\",\"@id\":\"https:\/\/www.aptomed.com.br\/v2\/especialidades\/oftalmologia\/catarata\/opacificacao-capsular\/#webpage\",\"url\":\"https:\/\/www.aptomed.com.br\/v2\/especialidades\/oftalmologia\/catarata\/opacificacao-capsular\/\",\"name\":\"Opacifica\\u00e7\\u00e3o Capsular - Aptomed - Sa\\u00fade Integrada\",\"isPartOf\":{\"@id\":\"https:\/\/www.aptomed.com.br\/v2\/#website\"},\"primaryImageOfPage\":{\"@id\":\"https:\/\/www.aptomed.com.br\/v2\/especialidades\/oftalmologia\/catarata\/opacificacao-capsular\/#primaryimage\"},\"datePublished\":\"2016-03-07T13:15:43+00:00\",\"dateModified\":\"2016-03-28T13:02:56+00:00\",\"breadcrumb\":{\"@id\":\"https:\/\/www.aptomed.com.br\/v2\/especialidades\/oftalmologia\/catarata\/opacificacao-capsular\/#breadcrumb\"},\"inLanguage\":\"pt-BR\",\"potentialAction\":[{\"@type\":\"ReadAction\",\"target\":[\"https:\/\/www.aptomed.com.br\/v2\/especialidades\/oftalmologia\/catarata\/opacificacao-capsular\/\"]}]},{\"@type\":\"BreadcrumbList\",\"@id\":\"https:\/\/www.aptomed.com.br\/v2\/especialidades\/oftalmologia\/catarata\/opacificacao-capsular\/#breadcrumb\",\"itemListElement\":[{\"@type\":\"ListItem\",\"position\":1,\"item\":{\"@type\":\"WebPage\",\"@id\":\"https:\/\/www.aptomed.com.br\/v2\/\",\"url\":\"https:\/\/www.aptomed.com.br\/v2\/\",\"name\":\"In\\u00edcio\"}},{\"@type\":\"ListItem\",\"position\":2,\"item\":{\"@type\":\"WebPage\",\"@id\":\"https:\/\/www.aptomed.com.br\/v2\/especialidades\/\",\"url\":\"https:\/\/www.aptomed.com.br\/v2\/especialidades\/\",\"name\":\"Especialidades\"}},{\"@type\":\"ListItem\",\"position\":3,\"item\":{\"@type\":\"WebPage\",\"@id\":\"https:\/\/www.aptomed.com.br\/v2\/especialidades\/oftalmologia\/\",\"url\":\"https:\/\/www.aptomed.com.br\/v2\/especialidades\/oftalmologia\/\",\"name\":\"Oftalmologia\"}},{\"@type\":\"ListItem\",\"position\":4,\"item\":{\"@type\":\"WebPage\",\"@id\":\"https:\/\/www.aptomed.com.br\/v2\/especialidades\/oftalmologia\/catarata\/\",\"url\":\"https:\/\/www.aptomed.com.br\/v2\/especialidades\/oftalmologia\/catarata\/\",\"name\":\"Catarata\"}},{\"@type\":\"ListItem\",\"position\":5,\"item\":{\"@id\":\"https:\/\/www.aptomed.com.br\/v2\/especialidades\/oftalmologia\/catarata\/opacificacao-capsular\/#webpage\"}}]}]}<\/script>\n<!-- \/ Yoast SEO plugin. -->","_links":{"self":[{"href":"https:\/\/www.aptomed.com.br\/v2\/wp-json\/wp\/v2\/pages\/204"}],"collection":[{"href":"https:\/\/www.aptomed.com.br\/v2\/wp-json\/wp\/v2\/pages"}],"about":[{"href":"https:\/\/www.aptomed.com.br\/v2\/wp-json\/wp\/v2\/types\/page"}],"author":[{"embeddable":true,"href":"https:\/\/www.aptomed.com.br\/v2\/wp-json\/wp\/v2\/users\/1"}],"replies":[{"embeddable":true,"href":"https:\/\/www.aptomed.com.br\/v2\/wp-json\/wp\/v2\/comments?post=204"}],"version-history":[{"count":4,"href":"https:\/\/www.aptomed.com.br\/v2\/wp-json\/wp\/v2\/pages\/204\/revisions"}],"predecessor-version":[{"id":940,"href":"https:\/\/www.aptomed.com.br\/v2\/wp-json\/wp\/v2\/pages\/204\/revisions\/940"}],"up":[{"embeddable":true,"href":"https:\/\/www.aptomed.com.br\/v2\/wp-json\/wp\/v2\/pages\/150"}],"wp:attachment":[{"href":"https:\/\/www.aptomed.com.br\/v2\/wp-json\/wp\/v2\/media?parent=204"}],"curies":[{"name":"wp","href":"https:\/\/api.w.org\/{rel}","templated":true}]}}