{"id":316,"date":"2016-03-09T14:53:03","date_gmt":"2016-03-09T14:53:03","guid":{"rendered":"http:\/\/www.aptomed.com.br\/v2\/?page_id=316"},"modified":"2016-03-29T14:26:36","modified_gmt":"2016-03-29T14:26:36","slug":"prk","status":"publish","type":"page","link":"https:\/\/www.aptomed.com.br\/v2\/especialidades\/oftalmologia\/cirurgia-refrativa\/prk\/","title":{"rendered":"PRK"},"content":{"rendered":"<p><img loading=\"lazy\" class=\"size-medium wp-image-319 alignright\" src=\"http:\/\/www.aptomed.com.br\/v2\/wp-content\/uploads\/2016\/03\/PRK-2-300x245.jpg\" alt=\"PRK\" width=\"300\" height=\"245\" srcset=\"https:\/\/www.aptomed.com.br\/v2\/wp-content\/uploads\/2016\/03\/PRK-2-300x245.jpg 300w, https:\/\/www.aptomed.com.br\/v2\/wp-content\/uploads\/2016\/03\/PRK-2-768x628.jpg 768w, https:\/\/www.aptomed.com.br\/v2\/wp-content\/uploads\/2016\/03\/PRK-2-1024x838.jpg 1024w\" sizes=\"(max-width: 300px) 100vw, 300px\" \/><\/p>\n<p>O<strong> PRK<\/strong> (Photorefractive Keratectomy) \u00e9 uma t\u00e9cnica de <strong>cirurgia refrativa<\/strong> utilizada h\u00e1 mais de 20 anos e que, s\u00f3 nos Estados Unidos, j\u00e1 tratou mais de 1 milh\u00e3o de pessoas. O primeiro procedimento desse tipo foi realizado na Alemanha, pelo Dr. Theo Seiler, em 1987. A t\u00e9cnica, tamb\u00e9m conhecida como Ceratectomia Fotorrefrativa, utiliza o <strong><a href=\"https:\/\/en.wikipedia.org\/wiki\/Excimer_laser\">Excimer Laser<\/a><\/strong> para remodelar a c\u00f3rnea.<\/p>\n<p>O epit\u00e9lio (camada mais superficial da c\u00f3rnea) \u00e9 removido e feixes de<strong> laser<\/strong> s\u00e3o aplicados. Diferente do <strong>LASIK<\/strong>, a mudan\u00e7a na curvatura da c\u00f3rnea \u00e9 feita com a aplica\u00e7\u00e3o do<strong> laser<\/strong> diretamente na sua superf\u00edcie, sem a cria\u00e7\u00e3o de um flap (esp\u00e9cie de abertura nas camadas mais anteriores da c\u00f3rnea). A dire\u00e7\u00e3o e intensidade do laser s\u00e3o controladas por computador, podendo retirar camadas de tecido com precis\u00e3o microsc\u00f3pica, mantendo intactas as \u00e1reas adjacentes.<\/p>\n<p>Al\u00e9m do alt\u00edssimo n\u00edvel de seguran\u00e7a, especialmente em pacientes com c\u00f3rneas mais finas ou leves altera\u00e7\u00f5es em sua curvatura, a t\u00e9cnica do<strong> PRK<\/strong> \u00e9 r\u00e1pida e indolor. A cirurgia leva menos de 60 segundos e a anestesia \u00e9 feita por col\u00edrios. Uma lente de contato serve como prote\u00e7\u00e3o e, apesar da possibilidade de desconforto no p\u00f3s-operat\u00f3rio, o que varia de paciente para paciente, a vis\u00e3o se estabiliza em poucas semanas.<\/p>\n<p><img loading=\"lazy\" class=\"size-medium wp-image-320\" src=\"http:\/\/www.aptomed.com.br\/v2\/wp-content\/uploads\/2016\/03\/PRK-300x184.jpg\" alt=\"PRK\" width=\"300\" height=\"184\" srcset=\"https:\/\/www.aptomed.com.br\/v2\/wp-content\/uploads\/2016\/03\/PRK-300x184.jpg 300w, https:\/\/www.aptomed.com.br\/v2\/wp-content\/uploads\/2016\/03\/PRK.jpg 387w\" sizes=\"(max-width: 300px) 100vw, 300px\" \/><\/p>\n<p>O<strong> PRK<\/strong> \u00e9 um procedimento aprovado pelos principais \u00f3rg\u00e3os reguladores, como o FDA, nos Estados Unidos, e o Conselho Federal de Medicina, no Brasil.<\/p>\n<p><strong>Saiba mais:<\/strong><br \/>\n&#8211;<a href=\"http:\/\/www.aptomed.com.br\/v2\/canal\/oftalmologia\/cirurgia-refrativa\/\">Cirurgia Refrativa<\/a><br \/>\n&#8211;<a href=\"http:\/\/www.aptomed.com.br\/v2\/canal\/oftalmologia\/cirurgia-refrativa\/prk\/\">PRK<\/a><br \/>\n&#8211;<a href=\"http:\/\/www.aptomed.com.br\/v2\/canal\/oftalmologia\/cirurgia-refrativa\/pos-operatorio-da-cirurgia-refrativa\/\">P\u00f3s-operat\u00f3rio da Cirurgia Refrativa<\/a><br \/>\n&#8211;<a href=\"http:\/\/www.aptomed.com.br\/v2\/canal\/oftalmologia\/cirurgia-refrativa\/beneficios-da-cirurgia-refrativa\/\">Benef\u00edcios \u00e0 qualidade de vida<\/a><br \/>\n&#8211;<a href=\"http:\/\/www.aptomed.com.br\/v2\/canal\/oftalmologia\/cirurgia-refrativa\/candidatos-cirurgia-refrativa\/\">Candidatos \u00e0 cirurgia refrativa<\/a><\/p>\n","protected":false},"excerpt":{"rendered":"<p>O PRK (Photorefractive Keratectomy) \u00e9 uma t\u00e9cnica de cirurgia refrativa utilizada h\u00e1 mais de 20 anos e que, s\u00f3 nos Estados Unidos, j\u00e1 tratou mais de 1 milh\u00e3o de pessoas. O primeiro procedimento desse tipo foi realizado na Alemanha, pelo Dr. Theo Seiler, em 1987. A t\u00e9cnica, tamb\u00e9m conhecida como Ceratectomia Fotorrefrativa, utiliza o Excimer&#8230; <a href=\"https:\/\/www.aptomed.com.br\/v2\/especialidades\/oftalmologia\/cirurgia-refrativa\/prk\/\" class=\"readmore\">Read More &#038;raquo<\/a><\/p>\n","protected":false},"author":1,"featured_media":0,"parent":286,"menu_order":0,"comment_status":"closed","ping_status":"closed","template":"","meta":[],"yoast_head":"<!-- This site is optimized with the Yoast SEO plugin v16.2 - https:\/\/yoast.com\/wordpress\/plugins\/seo\/ -->\n<title>PRK - Aptomed - Sa\u00fade Integrada<\/title>\n<meta name=\"robots\" content=\"index, follow, max-snippet:-1, max-image-preview:large, max-video-preview:-1\" \/>\n<link rel=\"canonical\" href=\"https:\/\/www.aptomed.com.br\/v2\/especialidades\/oftalmologia\/cirurgia-refrativa\/prk\/\" \/>\n<meta property=\"og:locale\" content=\"pt_BR\" \/>\n<meta property=\"og:type\" content=\"article\" \/>\n<meta property=\"og:title\" content=\"PRK - Aptomed - Sa\u00fade Integrada\" \/>\n<meta property=\"og:description\" content=\"O PRK (Photorefractive Keratectomy) \u00e9 uma t\u00e9cnica de cirurgia refrativa utilizada h\u00e1 mais de 20 anos e que, s\u00f3 nos Estados Unidos, j\u00e1 tratou mais de 1 milh\u00e3o de pessoas. O primeiro procedimento desse tipo foi realizado na Alemanha, pelo Dr. Theo Seiler, em 1987. A t\u00e9cnica, tamb\u00e9m conhecida como Ceratectomia Fotorrefrativa, utiliza o Excimer... Read More &amp;raquo\" \/>\n<meta property=\"og:url\" content=\"https:\/\/www.aptomed.com.br\/v2\/especialidades\/oftalmologia\/cirurgia-refrativa\/prk\/\" \/>\n<meta property=\"og:site_name\" content=\"Aptomed - Sa\u00fade Integrada\" \/>\n<meta property=\"article:modified_time\" content=\"2016-03-29T14:26:36+00:00\" \/>\n<meta property=\"og:image\" content=\"http:\/\/www.aptomed.com.br\/v2\/wp-content\/uploads\/2016\/03\/PRK-2-300x245.jpg\" \/>\n<meta name=\"twitter:card\" content=\"summary\" \/>\n<meta name=\"twitter:label1\" content=\"Est. tempo de leitura\">\n\t<meta name=\"twitter:data1\" content=\"1 minuto\">\n<script type=\"application\/ld+json\" class=\"yoast-schema-graph\">{\"@context\":\"https:\/\/schema.org\",\"@graph\":[{\"@type\":\"WebSite\",\"@id\":\"https:\/\/www.aptomed.com.br\/v2\/#website\",\"url\":\"https:\/\/www.aptomed.com.br\/v2\/\",\"name\":\"Aptomed - Sa\\u00fade Integrada\",\"description\":\"Cl\\u00ednica de profissionais multidisciplinares da \\u00e1rea da sa\\u00fade.\",\"potentialAction\":[{\"@type\":\"SearchAction\",\"target\":\"https:\/\/www.aptomed.com.br\/v2\/?s={search_term_string}\",\"query-input\":\"required name=search_term_string\"}],\"inLanguage\":\"pt-BR\"},{\"@type\":\"ImageObject\",\"@id\":\"https:\/\/www.aptomed.com.br\/v2\/especialidades\/oftalmologia\/cirurgia-refrativa\/prk\/#primaryimage\",\"inLanguage\":\"pt-BR\",\"url\":\"http:\/\/www.aptomed.com.br\/v2\/wp-content\/uploads\/2016\/03\/PRK-2-300x245.jpg\",\"contentUrl\":\"http:\/\/www.aptomed.com.br\/v2\/wp-content\/uploads\/2016\/03\/PRK-2-300x245.jpg\"},{\"@type\":\"WebPage\",\"@id\":\"https:\/\/www.aptomed.com.br\/v2\/especialidades\/oftalmologia\/cirurgia-refrativa\/prk\/#webpage\",\"url\":\"https:\/\/www.aptomed.com.br\/v2\/especialidades\/oftalmologia\/cirurgia-refrativa\/prk\/\",\"name\":\"PRK - Aptomed - Sa\\u00fade Integrada\",\"isPartOf\":{\"@id\":\"https:\/\/www.aptomed.com.br\/v2\/#website\"},\"primaryImageOfPage\":{\"@id\":\"https:\/\/www.aptomed.com.br\/v2\/especialidades\/oftalmologia\/cirurgia-refrativa\/prk\/#primaryimage\"},\"datePublished\":\"2016-03-09T14:53:03+00:00\",\"dateModified\":\"2016-03-29T14:26:36+00:00\",\"breadcrumb\":{\"@id\":\"https:\/\/www.aptomed.com.br\/v2\/especialidades\/oftalmologia\/cirurgia-refrativa\/prk\/#breadcrumb\"},\"inLanguage\":\"pt-BR\",\"potentialAction\":[{\"@type\":\"ReadAction\",\"target\":[\"https:\/\/www.aptomed.com.br\/v2\/especialidades\/oftalmologia\/cirurgia-refrativa\/prk\/\"]}]},{\"@type\":\"BreadcrumbList\",\"@id\":\"https:\/\/www.aptomed.com.br\/v2\/especialidades\/oftalmologia\/cirurgia-refrativa\/prk\/#breadcrumb\",\"itemListElement\":[{\"@type\":\"ListItem\",\"position\":1,\"item\":{\"@type\":\"WebPage\",\"@id\":\"https:\/\/www.aptomed.com.br\/v2\/\",\"url\":\"https:\/\/www.aptomed.com.br\/v2\/\",\"name\":\"In\\u00edcio\"}},{\"@type\":\"ListItem\",\"position\":2,\"item\":{\"@type\":\"WebPage\",\"@id\":\"https:\/\/www.aptomed.com.br\/v2\/especialidades\/\",\"url\":\"https:\/\/www.aptomed.com.br\/v2\/especialidades\/\",\"name\":\"Especialidades\"}},{\"@type\":\"ListItem\",\"position\":3,\"item\":{\"@type\":\"WebPage\",\"@id\":\"https:\/\/www.aptomed.com.br\/v2\/especialidades\/oftalmologia\/\",\"url\":\"https:\/\/www.aptomed.com.br\/v2\/especialidades\/oftalmologia\/\",\"name\":\"Oftalmologia\"}},{\"@type\":\"ListItem\",\"position\":4,\"item\":{\"@type\":\"WebPage\",\"@id\":\"https:\/\/www.aptomed.com.br\/v2\/especialidades\/oftalmologia\/cirurgia-refrativa\/\",\"url\":\"https:\/\/www.aptomed.com.br\/v2\/especialidades\/oftalmologia\/cirurgia-refrativa\/\",\"name\":\"Cirurgia Refrativa\"}},{\"@type\":\"ListItem\",\"position\":5,\"item\":{\"@id\":\"https:\/\/www.aptomed.com.br\/v2\/especialidades\/oftalmologia\/cirurgia-refrativa\/prk\/#webpage\"}}]}]}<\/script>\n<!-- \/ Yoast SEO plugin. -->","_links":{"self":[{"href":"https:\/\/www.aptomed.com.br\/v2\/wp-json\/wp\/v2\/pages\/316"}],"collection":[{"href":"https:\/\/www.aptomed.com.br\/v2\/wp-json\/wp\/v2\/pages"}],"about":[{"href":"https:\/\/www.aptomed.com.br\/v2\/wp-json\/wp\/v2\/types\/page"}],"author":[{"embeddable":true,"href":"https:\/\/www.aptomed.com.br\/v2\/wp-json\/wp\/v2\/users\/1"}],"replies":[{"embeddable":true,"href":"https:\/\/www.aptomed.com.br\/v2\/wp-json\/wp\/v2\/comments?post=316"}],"version-history":[{"count":4,"href":"https:\/\/www.aptomed.com.br\/v2\/wp-json\/wp\/v2\/pages\/316\/revisions"}],"predecessor-version":[{"id":966,"href":"https:\/\/www.aptomed.com.br\/v2\/wp-json\/wp\/v2\/pages\/316\/revisions\/966"}],"up":[{"embeddable":true,"href":"https:\/\/www.aptomed.com.br\/v2\/wp-json\/wp\/v2\/pages\/286"}],"wp:attachment":[{"href":"https:\/\/www.aptomed.com.br\/v2\/wp-json\/wp\/v2\/media?parent=316"}],"curies":[{"name":"wp","href":"https:\/\/api.w.org\/{rel}","templated":true}]}}