{"id":699,"date":"2016-03-17T15:13:31","date_gmt":"2016-03-17T15:13:31","guid":{"rendered":"http:\/\/www.aptomed.com.br\/v2\/?page_id=699"},"modified":"2016-04-06T12:52:57","modified_gmt":"2016-04-06T12:52:57","slug":"pinguecula-diagnostico-e-tratamento","status":"publish","type":"page","link":"https:\/\/www.aptomed.com.br\/v2\/especialidades\/oftalmologia\/pterigio-diagnostico-e-tratamento\/pinguecula-diagnostico-e-tratamento\/","title":{"rendered":"Pingu\u00e9cula &#8211; Diagn\u00f3stico e Tratamento"},"content":{"rendered":"<p><strong>Pingu\u00e9cula<\/strong> \u00e9 uma les\u00e3o amarelada e um pouco elevada que se forma no tecido superficial \u00e0 esclera (regi\u00e3o branca do globo ocular) pr\u00f3ximo \u00e0 c\u00f3rnea.<\/p>\n<p><img loading=\"lazy\" class=\"size-medium wp-image-700 aligncenter\" src=\"http:\/\/www.aptomed.com.br\/v2\/wp-content\/uploads\/2016\/03\/pinguecula-diagnostico-e-tratamento-1-300x212.jpg\" alt=\"Pingu\u00e9cula - Diagn\u00f3stico e Tratamento\" width=\"300\" height=\"212\" \/><\/p>\n<p style=\"text-align: center;\"><strong>Pingu\u00e9cula<\/strong> nasal<\/p>\n<p>A <strong>pingu\u00e9cula<\/strong> \u00e9 tipicamente \u00e9 encontrada na \u00e1rea da abertura palpebral, justamente a \u00e1rea exposta aos raios solares. Mais freq\u00fcente em pessoas de meia idade ou idosos que se expuseram ao sol grande parte da vida, mas tamb\u00e9m pode ser encontrada em pessoas mais jovens ou mesmo em crian\u00e7as.<\/p>\n<p>A <strong>pingu\u00e9cula<\/strong> geralmente causa poucos sintomas. Quando a<strong> pingu\u00e9cula<\/strong> se torna elevada pode causar sensa\u00e7\u00e3o de corpo estranho. Em alguns casos a <strong>pingu\u00e9cula<\/strong> torna-se inflamada, uma condi\u00e7\u00e3o chamada de<strong> pingueculite<\/strong>. Irrita\u00e7\u00e3o e vermelhid\u00e3o ocular ocorrem ap\u00f3s exposi\u00e7\u00e3o ao sol, nata\u00e7\u00e3o, vento, poeira ou condi\u00e7\u00f5es de ressecamento.<\/p>\n<p style=\"text-align: center;\"><img loading=\"lazy\" class=\"size-medium wp-image-701 aligncenter\" src=\"http:\/\/www.aptomed.com.br\/v2\/wp-content\/uploads\/2016\/03\/pinguecula-diagnostico-e-tratamento-2-300x250.jpg\" alt=\"Pingu\u00e9cula - Diagn\u00f3stico e Tratamento\" width=\"300\" height=\"250\" \/>\u00d3culos com filtro para raios UV<\/p>\n<p>O tratamento da <strong>pingu\u00e9cula<\/strong> depende da severidadedos sintomas. Todos os pacientes com <strong>pingu\u00e9cula<\/strong> se beneficiam do uso de prote\u00e7\u00e3o solar (\u00f3culos solares). Col\u00edrios lubrificantes podem ser prescritos para al\u00edvio de sintomas leves e col\u00edrios antiinflamat\u00f3rios para os casos de <strong>pingueculites<\/strong> mais importantes.<\/p>\n<p>A remo\u00e7\u00e3o cir\u00fargica da <strong>pingu\u00e9cula<\/strong> pode ser considerada em casos mais severos, quando h\u00e1 interfer\u00eancia com a vis\u00e3o, o ato de piscar ou no uso de lentes de contato.<\/p>\n<p><img loading=\"lazy\" class=\"size-medium wp-image-702 aligncenter\" src=\"http:\/\/www.aptomed.com.br\/v2\/wp-content\/uploads\/2016\/03\/pinguecula-diagnostico-e-tratamento-3-300x197.jpg\" alt=\"Pingu\u00e9cula - Diagn\u00f3stico e Tratamento\" width=\"300\" height=\"197\" srcset=\"https:\/\/www.aptomed.com.br\/v2\/wp-content\/uploads\/2016\/03\/pinguecula-diagnostico-e-tratamento-3-300x197.jpg 300w, https:\/\/www.aptomed.com.br\/v2\/wp-content\/uploads\/2016\/03\/pinguecula-diagnostico-e-tratamento-3.jpg 319w\" sizes=\"(max-width: 300px) 100vw, 300px\" \/><\/p>\n<p>Algumas vezes, a <strong>pingu\u00e9cula<\/strong> pode ser uma precursora do pter\u00edgio.<\/p>\n<p><strong>Saiba mais:<\/strong><\/p>\n<p><a href=\"http:\/\/www.aptomed.com.br\/v2\/canal\/oftalmologia\/pterigio-diagnostico-e-tratamento\/\">Pter\u00edgio<\/a><br \/>\n<a href=\"http:\/\/www.aptomed.com.br\/v2\/canal\/oftalmologia\/pterigio-diagnostico-e-tratamento\/protecao-raios-ultravioleta-uv\/\">Prote\u00e7\u00e3o &#8211; Raios UV<\/a><br \/>\n<a href=\"http:\/\/www.aptomed.com.br\/v2\/canal\/oftalmologia\/pterigio-diagnostico-e-tratamento\/cirurgia-de-pterigio-modernas-tecnicas\/\">Cirurgia de pter\u00edgio<\/a><br \/>\n<a href=\"http:\/\/www.aptomed.com.br\/v2\/canal\/oftalmologia\/blefarite-diagnostico-e-tratamento\/\">Blefarite<\/a><br \/>\n<a href=\"http:\/\/www.aptomed.com.br\/v2\/canal\/oftalmologia\/calazio-diagnostico-e-tratamento\/\">Cal\u00e1zio<\/a><br \/>\n<a href=\"http:\/\/www.aptomed.com.br\/v2\/canal\/oftalmologia\/catarata\/\">Catarata<\/a><\/p>\n","protected":false},"excerpt":{"rendered":"<p>Pingu\u00e9cula \u00e9 uma les\u00e3o amarelada e um pouco elevada que se forma no tecido superficial \u00e0 esclera (regi\u00e3o branca do globo ocular) pr\u00f3ximo \u00e0 c\u00f3rnea. Pingu\u00e9cula nasal A pingu\u00e9cula \u00e9 tipicamente \u00e9 encontrada na \u00e1rea da abertura palpebral, justamente a \u00e1rea exposta aos raios solares. Mais freq\u00fcente em pessoas de meia idade ou idosos que&#8230; <a href=\"https:\/\/www.aptomed.com.br\/v2\/especialidades\/oftalmologia\/pterigio-diagnostico-e-tratamento\/pinguecula-diagnostico-e-tratamento\/\" class=\"readmore\">Read More &#038;raquo<\/a><\/p>\n","protected":false},"author":1,"featured_media":0,"parent":680,"menu_order":0,"comment_status":"closed","ping_status":"closed","template":"","meta":[],"yoast_head":"<!-- This site is optimized with the Yoast SEO plugin v16.2 - https:\/\/yoast.com\/wordpress\/plugins\/seo\/ -->\n<title>Pingu\u00e9cula - Diagn\u00f3stico e Tratamento - Aptomed - Sa\u00fade Integrada<\/title>\n<meta name=\"robots\" content=\"index, follow, max-snippet:-1, max-image-preview:large, max-video-preview:-1\" \/>\n<link rel=\"canonical\" href=\"https:\/\/www.aptomed.com.br\/v2\/especialidades\/oftalmologia\/pterigio-diagnostico-e-tratamento\/pinguecula-diagnostico-e-tratamento\/\" \/>\n<meta property=\"og:locale\" content=\"pt_BR\" \/>\n<meta property=\"og:type\" content=\"article\" \/>\n<meta property=\"og:title\" content=\"Pingu\u00e9cula - Diagn\u00f3stico e Tratamento - Aptomed - Sa\u00fade Integrada\" \/>\n<meta property=\"og:description\" content=\"Pingu\u00e9cula \u00e9 uma les\u00e3o amarelada e um pouco elevada que se forma no tecido superficial \u00e0 esclera (regi\u00e3o branca do globo ocular) pr\u00f3ximo \u00e0 c\u00f3rnea. Pingu\u00e9cula nasal A pingu\u00e9cula \u00e9 tipicamente \u00e9 encontrada na \u00e1rea da abertura palpebral, justamente a \u00e1rea exposta aos raios solares. Mais freq\u00fcente em pessoas de meia idade ou idosos que... Read More &amp;raquo\" \/>\n<meta property=\"og:url\" content=\"https:\/\/www.aptomed.com.br\/v2\/especialidades\/oftalmologia\/pterigio-diagnostico-e-tratamento\/pinguecula-diagnostico-e-tratamento\/\" \/>\n<meta property=\"og:site_name\" content=\"Aptomed - Sa\u00fade Integrada\" \/>\n<meta property=\"article:modified_time\" content=\"2016-04-06T12:52:57+00:00\" \/>\n<meta property=\"og:image\" content=\"http:\/\/www.aptomed.com.br\/v2\/wp-content\/uploads\/2016\/03\/pinguecula-diagnostico-e-tratamento-1-300x212.jpg\" \/>\n<meta name=\"twitter:card\" content=\"summary\" \/>\n<meta name=\"twitter:label1\" content=\"Est. tempo de leitura\">\n\t<meta name=\"twitter:data1\" content=\"1 minuto\">\n<script type=\"application\/ld+json\" class=\"yoast-schema-graph\">{\"@context\":\"https:\/\/schema.org\",\"@graph\":[{\"@type\":\"WebSite\",\"@id\":\"https:\/\/www.aptomed.com.br\/v2\/#website\",\"url\":\"https:\/\/www.aptomed.com.br\/v2\/\",\"name\":\"Aptomed - Sa\\u00fade Integrada\",\"description\":\"Cl\\u00ednica de profissionais multidisciplinares da \\u00e1rea da sa\\u00fade.\",\"potentialAction\":[{\"@type\":\"SearchAction\",\"target\":\"https:\/\/www.aptomed.com.br\/v2\/?s={search_term_string}\",\"query-input\":\"required name=search_term_string\"}],\"inLanguage\":\"pt-BR\"},{\"@type\":\"ImageObject\",\"@id\":\"https:\/\/www.aptomed.com.br\/v2\/especialidades\/oftalmologia\/pterigio-diagnostico-e-tratamento\/pinguecula-diagnostico-e-tratamento\/#primaryimage\",\"inLanguage\":\"pt-BR\",\"url\":\"http:\/\/www.aptomed.com.br\/v2\/wp-content\/uploads\/2016\/03\/pinguecula-diagnostico-e-tratamento-1-300x212.jpg\",\"contentUrl\":\"http:\/\/www.aptomed.com.br\/v2\/wp-content\/uploads\/2016\/03\/pinguecula-diagnostico-e-tratamento-1-300x212.jpg\"},{\"@type\":\"WebPage\",\"@id\":\"https:\/\/www.aptomed.com.br\/v2\/especialidades\/oftalmologia\/pterigio-diagnostico-e-tratamento\/pinguecula-diagnostico-e-tratamento\/#webpage\",\"url\":\"https:\/\/www.aptomed.com.br\/v2\/especialidades\/oftalmologia\/pterigio-diagnostico-e-tratamento\/pinguecula-diagnostico-e-tratamento\/\",\"name\":\"Pingu\\u00e9cula - Diagn\\u00f3stico e Tratamento - Aptomed - Sa\\u00fade Integrada\",\"isPartOf\":{\"@id\":\"https:\/\/www.aptomed.com.br\/v2\/#website\"},\"primaryImageOfPage\":{\"@id\":\"https:\/\/www.aptomed.com.br\/v2\/especialidades\/oftalmologia\/pterigio-diagnostico-e-tratamento\/pinguecula-diagnostico-e-tratamento\/#primaryimage\"},\"datePublished\":\"2016-03-17T15:13:31+00:00\",\"dateModified\":\"2016-04-06T12:52:57+00:00\",\"breadcrumb\":{\"@id\":\"https:\/\/www.aptomed.com.br\/v2\/especialidades\/oftalmologia\/pterigio-diagnostico-e-tratamento\/pinguecula-diagnostico-e-tratamento\/#breadcrumb\"},\"inLanguage\":\"pt-BR\",\"potentialAction\":[{\"@type\":\"ReadAction\",\"target\":[\"https:\/\/www.aptomed.com.br\/v2\/especialidades\/oftalmologia\/pterigio-diagnostico-e-tratamento\/pinguecula-diagnostico-e-tratamento\/\"]}]},{\"@type\":\"BreadcrumbList\",\"@id\":\"https:\/\/www.aptomed.com.br\/v2\/especialidades\/oftalmologia\/pterigio-diagnostico-e-tratamento\/pinguecula-diagnostico-e-tratamento\/#breadcrumb\",\"itemListElement\":[{\"@type\":\"ListItem\",\"position\":1,\"item\":{\"@type\":\"WebPage\",\"@id\":\"https:\/\/www.aptomed.com.br\/v2\/\",\"url\":\"https:\/\/www.aptomed.com.br\/v2\/\",\"name\":\"In\\u00edcio\"}},{\"@type\":\"ListItem\",\"position\":2,\"item\":{\"@type\":\"WebPage\",\"@id\":\"https:\/\/www.aptomed.com.br\/v2\/especialidades\/\",\"url\":\"https:\/\/www.aptomed.com.br\/v2\/especialidades\/\",\"name\":\"Especialidades\"}},{\"@type\":\"ListItem\",\"position\":3,\"item\":{\"@type\":\"WebPage\",\"@id\":\"https:\/\/www.aptomed.com.br\/v2\/especialidades\/oftalmologia\/\",\"url\":\"https:\/\/www.aptomed.com.br\/v2\/especialidades\/oftalmologia\/\",\"name\":\"Oftalmologia\"}},{\"@type\":\"ListItem\",\"position\":4,\"item\":{\"@type\":\"WebPage\",\"@id\":\"https:\/\/www.aptomed.com.br\/v2\/especialidades\/oftalmologia\/pterigio-diagnostico-e-tratamento\/\",\"url\":\"https:\/\/www.aptomed.com.br\/v2\/especialidades\/oftalmologia\/pterigio-diagnostico-e-tratamento\/\",\"name\":\"Pter\\u00edgio &#8211; Diagn\\u00f3stico e Tratamento\"}},{\"@type\":\"ListItem\",\"position\":5,\"item\":{\"@id\":\"https:\/\/www.aptomed.com.br\/v2\/especialidades\/oftalmologia\/pterigio-diagnostico-e-tratamento\/pinguecula-diagnostico-e-tratamento\/#webpage\"}}]}]}<\/script>\n<!-- \/ Yoast SEO plugin. -->","_links":{"self":[{"href":"https:\/\/www.aptomed.com.br\/v2\/wp-json\/wp\/v2\/pages\/699"}],"collection":[{"href":"https:\/\/www.aptomed.com.br\/v2\/wp-json\/wp\/v2\/pages"}],"about":[{"href":"https:\/\/www.aptomed.com.br\/v2\/wp-json\/wp\/v2\/types\/page"}],"author":[{"embeddable":true,"href":"https:\/\/www.aptomed.com.br\/v2\/wp-json\/wp\/v2\/users\/1"}],"replies":[{"embeddable":true,"href":"https:\/\/www.aptomed.com.br\/v2\/wp-json\/wp\/v2\/comments?post=699"}],"version-history":[{"count":5,"href":"https:\/\/www.aptomed.com.br\/v2\/wp-json\/wp\/v2\/pages\/699\/revisions"}],"predecessor-version":[{"id":1013,"href":"https:\/\/www.aptomed.com.br\/v2\/wp-json\/wp\/v2\/pages\/699\/revisions\/1013"}],"up":[{"embeddable":true,"href":"https:\/\/www.aptomed.com.br\/v2\/wp-json\/wp\/v2\/pages\/680"}],"wp:attachment":[{"href":"https:\/\/www.aptomed.com.br\/v2\/wp-json\/wp\/v2\/media?parent=699"}],"curies":[{"name":"wp","href":"https:\/\/api.w.org\/{rel}","templated":true}]}}