{"id":768,"date":"2016-03-21T14:02:38","date_gmt":"2016-03-21T14:02:38","guid":{"rendered":"http:\/\/www.aptomed.com.br\/v2\/?page_id=768"},"modified":"2016-03-21T14:03:15","modified_gmt":"2016-03-21T14:03:15","slug":"cegueira","status":"publish","type":"page","link":"https:\/\/www.aptomed.com.br\/v2\/especialidades\/visao-subnormal-baixa-visao-old\/cegueira\/","title":{"rendered":"Cegueira"},"content":{"rendered":"<p><strong>Defini\u00e7\u00e3o<\/strong><\/p>\n<p>A defini\u00e7\u00e3o para defici\u00eancia visual, cegueira e vis\u00e3o subnormal, se d\u00e1 por duas escalas oftalmol\u00f3gicas: acuidade visual, aquilo que se enxerga a determinada dist\u00e2ncia e campo visual, a amplitude da \u00e1rea alcan\u00e7ada pela vis\u00e3o.<\/p>\n<p>No entanto, pode-se observar, de imediato, que a quantifica\u00e7\u00e3o do ponto de vista cl\u00ednico das varia\u00e7\u00f5es na acuidade visual \u00e9 um tanto vaga para o leigo, j\u00e1 que a limita\u00e7\u00e3o visual na pr\u00e1tica se apresenta de forma bem variada e subjetiva. Diferente do que podemos imaginar, o termo cegueira \u00e9 relativo, pois re\u00fane indiv\u00edduos com diversos graus de vis\u00e3o residual e abrange v\u00e1rios tipos de defici\u00eancia visual grave. Isso n\u00e3o significa, obrigatoriamente, total incapacidade para ver e sim preju\u00edzo dessa aptid\u00e3o a n\u00edveis incapacitantes para o exerc\u00edcio de tarefas do dia-a-dia. Por este motivo que al\u00e9m da defini\u00e7\u00e3o acima existe uma classifica\u00e7\u00e3o funcional para defici\u00eancia visual.<\/p>\n<p>Considera-se portador de cegueira legal aquele cuja vis\u00e3o do melhor olho, ap\u00f3s a melhor corre\u00e7\u00e3o \u00f3ptica ou cir\u00fargica, varia de zero 20\/200, ou quando tem o campo visual reduzido a um \u00e2ngulo menor que 20 graus. Para entender-se melhor o que significa um d\u00e9cimo de acuidade visual, podemos esclarecer isso dizendo que o indiv\u00edduo portador dessa limita\u00e7\u00e3o enxerga uma dist\u00e2ncia de 10 metros o que uma pessoa com vis\u00e3o normal enxergaria a 100 metros.<\/p>\n<p>Do ponto de vista funcional existe a baixa vis\u00e3o moderada, onde o individuo enxerga de 20\/60 at\u00e9 20\/200, severa, com vis\u00e3o de 20\/200 at\u00e9 20\/400, profunda ou cegueira parcial e nessa categoria est\u00e3o os indiv\u00edduos que enxergam de 20\/400 \u00e0 vis\u00e3o de vultos. Pr\u00f3ximos da cegueira total est\u00e3o os indiv\u00edduos que s\u00f3 t\u00eam percep\u00e7\u00e3o e proje\u00e7\u00e3o de luminosidade. No primeiro caso, h\u00e1 apenas a distin\u00e7\u00e3o entre claro e escuro e no segundo (proje\u00e7\u00e3o) o indiv\u00edduo \u00e9 capaz de identificar a dire\u00e7\u00e3o de onde vem a luz. E por fim a cegueira total (amaurose) pressup\u00f5e completa perda de vis\u00e3o. A vis\u00e3o \u00e9 totalmente nula, ou seja, nem a percep\u00e7\u00e3o luminosa est\u00e1 presente e em oftalmologia isso significa vis\u00e3o zero.<\/p>\n<p>A cegueira pode ser cong\u00eanita (de nascen\u00e7a) ou adquirida ao longo da vida. \u00c9 freq\u00fcente imaginar que toda pessoa portadora de cegueira nasceu com tal problema visual, por\u00e9m muitos s\u00e3o os casos de pessoas que adquiriram a defici\u00eancia. Existem ent\u00e3o grandes diferen\u00e7as observadas para diversas habilidades dos portadores de cegueira.<\/p>\n<p><strong>Causas<\/strong><\/p>\n<p>Em geral, as causas mais freq\u00fcentes que levam \u00e0 cegueira infantil s\u00e3o o glaucoma cong\u00eanito, a retinopatia da prematuridade, a rub\u00e9ola, a catarata cong\u00eanita, a toxoplasmose cong\u00eanita, a hipovitaminose A, a oncocercose, o sarampo e o tracoma.<\/p>\n<p>A Organiza\u00e7\u00e3o Mundial da Sa\u00fade (OMS) recomenda tratamentos precoces de v\u00e1rias doen\u00e7as oculares, as quais s\u00e3o preven\u00edveis ou trat\u00e1veis com a devida interven\u00e7\u00e3o oftalmol\u00f3gica.<\/p>\n<p>Em adultos especialmente s\u00e3o outros fatores que podem causar a cegueira, cada um deles, com suas implica\u00e7\u00f5es psicol\u00f3gicas e emocionais. Entre os mais freq\u00fcentes est\u00e3o a catarata, diabetes, descolamento de retina, glaucoma, retinopatias e causas acidentais entre outras.<\/p>\n<p><strong>Tratamento<\/strong><\/p>\n<p>O portador de cegueira cong\u00eanita n\u00e3o costuma experimentar sentimentos de perda, mas encontra dificuldade natural para compreens\u00e3o dos conceitos visuais, principalmente num mundo em que a visualiza\u00e7\u00e3o \u00e9 um importante ve\u00edculo de aquisi\u00e7\u00e3o do conhecimento. A vis\u00e3o permite assimilar o ambiente, auxiliando na constru\u00e7\u00e3o do conhecimento. Na aus\u00eancia dela \u00e9 necess\u00e1ria a estimula\u00e7\u00e3o visual precoce com equipe multidisciplinar para prevenir atrasos no desenvolvimento psicomotor e social da crian\u00e7a, preparando-a para uma inclus\u00e3o bem sucedida.<\/p>\n<p>Por outro lado, quem adquire a cegueira depois de j\u00e1 ter enxergado, provavelmente j\u00e1 contar\u00e1 com alguma compreens\u00e3o das no\u00e7\u00f5es baseadas nesse mundo visual; por\u00e9m ter\u00e1 de elaborar o sentimento de perda de tudo o que lhe proporcionava a vis\u00e3o.<\/p>\n<p>Dessa forma, cada indiv\u00edduo pode apresentar maior ou menor facilidade para lidar com as perdas em sua vida. Al\u00e9m disso, existem in\u00fameras nuances a serem observadas com rela\u00e7\u00e3o \u00e0 perda da vis\u00e3o, que influenciar\u00e3o diretamente na absor\u00e7\u00e3o e na aceita\u00e7\u00e3o da nova condi\u00e7\u00e3o. A fase em que ocorreu a perda, se na inf\u00e2ncia, na adolesc\u00eancia ou na fase adulta ou mesmo na terceira idade; a forma em que se operou tal mudan\u00e7a, se atrav\u00e9s de uma manifesta\u00e7\u00e3o progressiva, se por um acometimento mais r\u00e1pido, ou mesmo como resultado de um trauma ou acidente, \u00e9 que desencadear\u00e1 as diferentes rea\u00e7\u00f5es.<\/p>\n<p>S\u00e3o recomendados trabalhos de educa\u00e7\u00e3o especial para quem tem diferentes problemas com defici\u00eancia visual. Pedagogicamente, o cego \u00e9 aquele que, mesmo possuindo vis\u00e3o subnormal, necessita de conhecimento da escrita Braille (sistema de escrita por pontos em relevo) e como portador de vis\u00e3o subnormal aquele que l\u00ea tipos impressos ampliados ou com o aux\u00edlio de potentes recursos \u00f3pticos.<\/p>\n<p>Al\u00e9m disso, v\u00e1rios outros recursos podem ser colocados em pr\u00e1tica para a inser\u00e7\u00e3o ou reinser\u00e7\u00e3o de indiv\u00edduos com defici\u00eancia visual. S\u00e3o trabalhos que dependem de conhecimento espec\u00edfico e sobretudo de profissionais habilitados e especializados em cegueira.<\/p>\n<p>Outros recursos adicionais que podem auxiliar cegos s\u00e3o: Reglet &#8211; prancheta perfurada, na qual, se escreve em Braille, com o aux\u00edlio do pun\u00e7\u00e3o, objeto usado para produzir o relevo no papel; bengala &#8211; bast\u00e3o met\u00e1lico ou de madeira, utilizado pela pessoa portadora de cegueira para sua locomo\u00e7\u00e3o, que atrav\u00e9s de um movimento de varredura, acusa obst\u00e1culos geralmente um ou dois passos a sua frente; sorob\u00e3 &#8211; instrumento que possibilita a opera\u00e7\u00e3o de c\u00e1lculos matem\u00e1ticos, desenvolvido a partir do \u00e1baco e de origem oriental; livros gravados ou falados &#8211; recurso largamente difundido a partir da populariza\u00e7\u00e3o dos gravadores port\u00e1teis, que viabiliza \u00e0 pessoa portadora de cegueira o acesso ao conte\u00fado de livros impressos em tinta e gravados por volunt\u00e1rios, chamados ledores entre outros.Olhos Catarata Miopia Astigmatismo Hipermetropia Cirurgia<\/p>\n","protected":false},"excerpt":{"rendered":"<p>Defini\u00e7\u00e3o A defini\u00e7\u00e3o para defici\u00eancia visual, cegueira e vis\u00e3o subnormal, se d\u00e1 por duas escalas oftalmol\u00f3gicas: acuidade visual, aquilo que se enxerga a determinada dist\u00e2ncia e campo visual, a amplitude da \u00e1rea alcan\u00e7ada pela vis\u00e3o. No entanto, pode-se observar, de imediato, que a quantifica\u00e7\u00e3o do ponto de vista cl\u00ednico das varia\u00e7\u00f5es na acuidade visual \u00e9&#8230; <a href=\"https:\/\/www.aptomed.com.br\/v2\/especialidades\/visao-subnormal-baixa-visao-old\/cegueira\/\" class=\"readmore\">Read More &#038;raquo<\/a><\/p>\n","protected":false},"author":1,"featured_media":0,"parent":763,"menu_order":0,"comment_status":"closed","ping_status":"closed","template":"","meta":[],"yoast_head":"<!-- This site is optimized with the Yoast SEO plugin v16.2 - https:\/\/yoast.com\/wordpress\/plugins\/seo\/ -->\n<title>Cegueira - Aptomed - Sa\u00fade Integrada<\/title>\n<meta name=\"robots\" content=\"index, follow, max-snippet:-1, max-image-preview:large, max-video-preview:-1\" \/>\n<link rel=\"canonical\" href=\"https:\/\/www.aptomed.com.br\/v2\/especialidades\/visao-subnormal-baixa-visao-old\/cegueira\/\" \/>\n<meta property=\"og:locale\" content=\"pt_BR\" \/>\n<meta property=\"og:type\" content=\"article\" \/>\n<meta property=\"og:title\" content=\"Cegueira - Aptomed - Sa\u00fade Integrada\" \/>\n<meta property=\"og:description\" content=\"Defini\u00e7\u00e3o A defini\u00e7\u00e3o para defici\u00eancia visual, cegueira e vis\u00e3o subnormal, se d\u00e1 por duas escalas oftalmol\u00f3gicas: acuidade visual, aquilo que se enxerga a determinada dist\u00e2ncia e campo visual, a amplitude da \u00e1rea alcan\u00e7ada pela vis\u00e3o. No entanto, pode-se observar, de imediato, que a quantifica\u00e7\u00e3o do ponto de vista cl\u00ednico das varia\u00e7\u00f5es na acuidade visual \u00e9... Read More &amp;raquo\" \/>\n<meta property=\"og:url\" content=\"https:\/\/www.aptomed.com.br\/v2\/especialidades\/visao-subnormal-baixa-visao-old\/cegueira\/\" \/>\n<meta property=\"og:site_name\" content=\"Aptomed - Sa\u00fade Integrada\" \/>\n<meta property=\"article:modified_time\" content=\"2016-03-21T14:03:15+00:00\" \/>\n<meta name=\"twitter:card\" content=\"summary\" \/>\n<meta name=\"twitter:label1\" content=\"Est. tempo de leitura\">\n\t<meta name=\"twitter:data1\" content=\"5 minutos\">\n<script type=\"application\/ld+json\" class=\"yoast-schema-graph\">{\"@context\":\"https:\/\/schema.org\",\"@graph\":[{\"@type\":\"WebSite\",\"@id\":\"https:\/\/www.aptomed.com.br\/v2\/#website\",\"url\":\"https:\/\/www.aptomed.com.br\/v2\/\",\"name\":\"Aptomed - Sa\\u00fade Integrada\",\"description\":\"Cl\\u00ednica de profissionais multidisciplinares da \\u00e1rea da sa\\u00fade.\",\"potentialAction\":[{\"@type\":\"SearchAction\",\"target\":\"https:\/\/www.aptomed.com.br\/v2\/?s={search_term_string}\",\"query-input\":\"required name=search_term_string\"}],\"inLanguage\":\"pt-BR\"},{\"@type\":\"WebPage\",\"@id\":\"https:\/\/www.aptomed.com.br\/v2\/especialidades\/visao-subnormal-baixa-visao-old\/cegueira\/#webpage\",\"url\":\"https:\/\/www.aptomed.com.br\/v2\/especialidades\/visao-subnormal-baixa-visao-old\/cegueira\/\",\"name\":\"Cegueira - Aptomed - Sa\\u00fade Integrada\",\"isPartOf\":{\"@id\":\"https:\/\/www.aptomed.com.br\/v2\/#website\"},\"datePublished\":\"2016-03-21T14:02:38+00:00\",\"dateModified\":\"2016-03-21T14:03:15+00:00\",\"breadcrumb\":{\"@id\":\"https:\/\/www.aptomed.com.br\/v2\/especialidades\/visao-subnormal-baixa-visao-old\/cegueira\/#breadcrumb\"},\"inLanguage\":\"pt-BR\",\"potentialAction\":[{\"@type\":\"ReadAction\",\"target\":[\"https:\/\/www.aptomed.com.br\/v2\/especialidades\/visao-subnormal-baixa-visao-old\/cegueira\/\"]}]},{\"@type\":\"BreadcrumbList\",\"@id\":\"https:\/\/www.aptomed.com.br\/v2\/especialidades\/visao-subnormal-baixa-visao-old\/cegueira\/#breadcrumb\",\"itemListElement\":[{\"@type\":\"ListItem\",\"position\":1,\"item\":{\"@type\":\"WebPage\",\"@id\":\"https:\/\/www.aptomed.com.br\/v2\/\",\"url\":\"https:\/\/www.aptomed.com.br\/v2\/\",\"name\":\"In\\u00edcio\"}},{\"@type\":\"ListItem\",\"position\":2,\"item\":{\"@type\":\"WebPage\",\"@id\":\"https:\/\/www.aptomed.com.br\/v2\/especialidades\/\",\"url\":\"https:\/\/www.aptomed.com.br\/v2\/especialidades\/\",\"name\":\"Especialidades\"}},{\"@type\":\"ListItem\",\"position\":3,\"item\":{\"@type\":\"WebPage\",\"@id\":\"https:\/\/www.aptomed.com.br\/v2\/especialidades\/visao-subnormal-baixa-visao-old\/\",\"url\":\"https:\/\/www.aptomed.com.br\/v2\/especialidades\/visao-subnormal-baixa-visao-old\/\",\"name\":\"Vis\\u00e3o subnormal &#8211; Baixa vis\\u00e3o OLD\"}},{\"@type\":\"ListItem\",\"position\":4,\"item\":{\"@id\":\"https:\/\/www.aptomed.com.br\/v2\/especialidades\/visao-subnormal-baixa-visao-old\/cegueira\/#webpage\"}}]}]}<\/script>\n<!-- \/ Yoast SEO plugin. -->","_links":{"self":[{"href":"https:\/\/www.aptomed.com.br\/v2\/wp-json\/wp\/v2\/pages\/768"}],"collection":[{"href":"https:\/\/www.aptomed.com.br\/v2\/wp-json\/wp\/v2\/pages"}],"about":[{"href":"https:\/\/www.aptomed.com.br\/v2\/wp-json\/wp\/v2\/types\/page"}],"author":[{"embeddable":true,"href":"https:\/\/www.aptomed.com.br\/v2\/wp-json\/wp\/v2\/users\/1"}],"replies":[{"embeddable":true,"href":"https:\/\/www.aptomed.com.br\/v2\/wp-json\/wp\/v2\/comments?post=768"}],"version-history":[{"count":2,"href":"https:\/\/www.aptomed.com.br\/v2\/wp-json\/wp\/v2\/pages\/768\/revisions"}],"predecessor-version":[{"id":770,"href":"https:\/\/www.aptomed.com.br\/v2\/wp-json\/wp\/v2\/pages\/768\/revisions\/770"}],"up":[{"embeddable":true,"href":"https:\/\/www.aptomed.com.br\/v2\/wp-json\/wp\/v2\/pages\/763"}],"wp:attachment":[{"href":"https:\/\/www.aptomed.com.br\/v2\/wp-json\/wp\/v2\/media?parent=768"}],"curies":[{"name":"wp","href":"https:\/\/api.w.org\/{rel}","templated":true}]}}